ommon divisor of 48 and z?
12
Let c(s) = 26*s + 481. Let a be c(-17). Suppose -43 = -3*o + 35. What is the highest common divisor of a and o?
13
Suppose 160 = -863*d + 871*d. What is the greatest common factor of d and 160?
20
Let m(i) = i**2 + 9*i + 9. Let l be (2 - 0)/(((-72)/(-32))/(-9)). Let r be m(l). Let j = 7 - -2. What is the highest common divisor of r and j?
1
Let q = 86 - 46. Suppose -v = -l - 33, 3*l = -4*v + 43 + 68. Calculate the highest common factor of q and v.
10
Let x = 507 + -331. Calculate the greatest common divisor of x and 22.
22
Let a be (4/(-10))/(1/(-410)). Let m = -111 - -13. Let y = m + a. What is the greatest common factor of 6 and y?
6
Suppose 0 = -g + 2*g + 2*i - 22, -5*i = -20. Suppose -a - l - 4*l = -14, -2*a = l - 10. Calculate the highest common factor of a and g.
2
Let u(t) = -t**2 + 7*t - 6. Let o be u(5). Suppose -5*h + 145 = -5*n, -o*h - 3*n = -0*n - 137. What is the greatest common factor of h and 352?
32
Let z(m) = 7*m - 4. Let a be z(3). Suppose 0 = 5*t + a + 3. Let o be t/(-20) - 298/(-10). Calculate the greatest common divisor of 6 and o.
6
Suppose -w = 4*w - 990. Let q = w + -101. Suppose -948 = -5*m + q. What is the highest common factor of 19 and m?
19
Let l(z) = -z**3 - 6*z**2 + 5*z + 2. Let v = 14 + -21. Let d be l(v). What is the greatest common divisor of d and 256?
16
Suppose 4*m + 2*i - 4 + 2 = 0, -3*i = 4*m - 3. Let b = m + 9. Calculate the highest common divisor of b and 117.
9
Let j be (-16)/28 - (5 - (-6495)/(-35)). What is the greatest common divisor of 288 and j?
36
Let x be (-2 + (-1)/(-1))/(8/(-504)). What is the highest common divisor of x and 45?
9
Suppose 5*v - 19 = 2*g - 92, 5*g - 173 = 3*v. Let l = -671 - -688. Calculate the highest common factor of l and g.
17
Let h(s) = s**3 - 7*s**2 + 15*s + 3. Let v be h(6). What is the greatest common factor of 171 and v?
57
Suppose -w = 5*k, 0*k + 4 = -2*k. Suppose w*f - 5*f = 30. Let t = -54 + 63. Calculate the greatest common factor of t and f.
3
Suppose 3*x - l = 18, 0*l - 2*l = -x + 1. Suppose -14 = 8*u - 126. Calculate the highest common divisor of x and u.
7
Let x be (-1)/11 + (67424/(-77))/(-7). What is the highest common divisor of x and 400?
25
Let n(c) = -34*c - 6. Suppose 4*b + 11 = 5*k + 1, -3*b - 2 = -k. Let m be (-1)/(b - 3/(-9)). Let x be n(m). What is the highest common divisor of x and 12?
12
Suppose 2*d - 4*d = 22. Let k be -2 + -72 - (d + 13). Let p = k + 110. What is the greatest common factor of p and 34?
34
Let u(x) = 120*x**2 - 4*x - 1. Let s be u(-1). Let d = 193 - s. Suppose -42 = -3*o - 0*o. Calculate the highest common divisor of d and o.
14
Let l(d) = -7*d - 10. Let w be l(-3). Suppose 27 - w = u. Suppose m + 3*k = 16, -5*m + m + 8 = -2*k. Calculate the highest common divisor of m and u.
4
Let v = 28 - 25. Let n(x) = -7*x + 2. Let l = -20 - -19. Let p be n(l). What is the highest common divisor of p and v?
3
Suppose -3*b - 967 = r, -2*r + 401 = -2*b - 257. Let i = -221 - b. Suppose 31 - i = -4*g. What is the greatest common divisor of g and 27?
9
Suppose 14*b - 47 - 177 = 0. What is the greatest common divisor of b and 176?
16
Let r = 451 - -14. Calculate the highest common factor of r and 31.
31
Let i(s) = s + 60. Let x be i(0). Let w be 40/(-6)*945/(-42). Calculate the highest common divisor of x and w.
30
Let s be (6 - -1)/(1/8). Calculate the greatest common factor of s and 32.
8
Let v be ((-92)/14)/(18/(-126)). Calculate the highest common factor of 207 and v.
23
Suppose 16 = -21*u + 17*u, -2*y + 2*u + 12 = 0. Calculate the greatest common factor of 6 and y.
2
Let f(d) = 3*d**2 + 7*d - 7. Let x be f(-9). Suppose -n + 3*q = -318, -n + 5*q + 141 = -x. What is the highest common divisor of n and 36?
36
Suppose 3287 - 119 = 18*p. What is the highest common divisor of 44 and p?
44
Let x(z) = 5*z + 2. Let h(l) = l + 17. Let c be h(-11). Let t be x(c). What is the greatest common factor of t and 96?
32
Let m be 10/3 + (-8)/(-12). Suppose -2*v + 20 = m*k - 0*v, 5*v + 15 = 3*k. Suppose -k*n + 73 + 87 = 0. What is the highest common factor of n and 8?
8
Suppose 5*q - 5*s - 10 - 40 = 0, 68 = 5*q + s. Calculate the highest common factor of q and 52.
13
Suppose 0 = v + 5*v. Suppose v = 5*z - 27 - 33. Let d be 23 + 0 + -1 + 2. What is the greatest common factor of z and d?
12
Let g be (-208)/(-36) + (-74)/(-333). Calculate the highest common divisor of 369 and g.
3
Suppose 5*f - 260 - 14 = 3*c, 0 = -3*f - 4*c + 176. Suppose 5*h = 3*v + f, 5*h - v - v - 59 = 0. Calculate the highest common factor of 13 and h.
13
Let r(y) = -y**2 - 21*y + 22. Let o be r(-20). Suppose 2*q = o - 18. Suppose v - 25 - 55 = -5*b, b = 4. Calculate the highest common factor of v and q.
12
Let c(o) = o**3 - 4*o**2 - o + 28. Let p be c(8). What is the greatest common factor of 207 and p?
69
Suppose 4*g + 3*g = 49. Suppose 8*d - g*d = -5. Let k be (-1 - d) + 69/3. Calculate the greatest common factor of 18 and k.
9
Suppose -7 - 5 = -4*w - 4*v, -5*w - 4*v = -13. Suppose 0*j = 5*j - 55. Suppose -j + 27 = 2*o. What is the greatest common factor of o and w?
1
Let i(z) = 0*z - 7 - 4*z + 5*z + 33. Let y be i(0). Let k be y + -2 - 3/1. What is the highest common factor of k and 3?
3
Let p be (1 + 2)*(-6)/9. Let m be 7/(-21)*78/p. Let r = m + -6. What is the highest common factor of r and 63?
7
Let j(l) = 2*l - 1 - 3*l + 6. Let s be j(6). Let b(h) = -25*h**3 + h**2 + h. Let t be b(s). What is the highest common divisor of t and 5?
5
Suppose -4*h - 3*y = 124, 10 = 2*h + 5*y + 72. Let m = 21 - h. What is the greatest common factor of m and 13?
13
Let n(v) = -v**2 - 8*v - 6. Let p be n(-4). Suppose 4*g + 2 - p = 0. Let b be 17*g - (7 + -8). What is the greatest common divisor of b and 140?
35
Let z(k) = 7*k. Let v be z(2). Let l(a) = a**2 + 10*a + 14. Let n be l(-10). Calculate the highest common factor of v and n.
14
Suppose 21 = -v + 4*q, -3*v - 8 = 4*q + 7. Let y be 3/v + (-1892)/(-6). Calculate the highest common factor of 35 and y.
35
Let o(w) = -13*w**2 - 104*w + 2. Let d be o(-8). What is the greatest common divisor of 43 and d?
1
Let u be ((-2255)/(-22))/(55/22). What is the greatest common divisor of 697 and u?
41
Let q = 53 + -17. Suppose -2*f = -0*f - 5*s + 37, -3*f + 3*s - 33 = 0. Let m = 6 - f. Calculate the greatest common factor of m and q.
12
Let g = -39 + 47. Suppose f + 1 = -5. Let y be (-70)/f + (-2)/(-6). Calculate the highest common divisor of g and y.
4
Suppose -p = -6*p + 5*m + 75, p - 2*m - 15 = 0. What is the highest common divisor of p and 45?
15
Let c(m) = 22*m**2 + 3*m - 8. Let x be c(2). Let f = -76 + x. Calculate the highest common divisor of 30 and f.
10
Let c = 611 - 590. Calculate the highest common factor of 9 and c.
3
Let k = 70 + -50. Let p = -4262 + 4312. Calculate the greatest common factor of p and k.
10
Let k be (-333)/(-2) + ((-78)/6)/26. What is the greatest common divisor of k and 913?
83
Let b(p) = -p**3 + 15*p**2 - 11*p + 10. Let a be b(13). What is the highest common divisor of 20 and a?
5
Let y = -17 + 46. Let a = -16 + y. Suppose -2*f - 25 = -311. What is the highest common factor of a and f?
13
Let m = -283 - -194. Let g = 137 + m. What is the greatest common divisor of g and 32?
16
Let m(w) = -5*w - 3. Let p be 120/36*(-6)/4. Let j be m(p). Calculate the greatest common factor of 242 and j.
22
Let x(n) be the third derivative of -n**5/60 - 19*n**4/24 - 7*n**3/6 - 9*n**2. Let o be x(-8). Calculate the highest common divisor of 27 and o.
27
Let n = 66 - 55. Suppose -19 - n = -a + 3*y, 0 = 5*y. Calculate the greatest common divisor of a and 45.
15
Let o be (-1484)/(-49) + 4/(-14). Suppose 3*i = -0*i + o. Let p = 76 - 46. Calculate the greatest common divisor of i and p.
10
Suppose 5*i - i + 16 = 0. Let l be (i/(-14))/((-8)/(-56)). Suppose 131 = 2*x + 5*b, l*x - 129 = 5*b - 8*b. What is the greatest common divisor of x and 9?
9
Let d(v) = v**2 - v - 8. Let m(c) = -2*c + 2. Let f be m(4). Let z be d(f). What is the highest common factor of z and 17?
17
Let t = 619 + -566. What is the greatest common divisor of t and 53?
53
Suppose 4*j - 46 = 2*j. Let y = 24 - 23. Let t(v) = 47*v**2 + v - 2. Let q be t(y). Calculate the highest common divisor of q and j.
23
Let v(f) = -4*f**2 - 8*f**3 + 22*f + 9*f**3 + 14 - 2*f*